) in base 2?
-11010111101
Convert 12640 (base 14) to base 5.
2421021
What is -112220102 (base 3) in base 13?
-4c3a
What is 1521 (base 7) in base 2?
1001011011
4a8 (base 11) to base 6
2442
What is -232133 (base 4) in base 7?
-11450
-2212022 (base 3) to base 6
-13355
-5021 (base 14) to base 7
-55041
Convert -30 (base 16) to base 14.
-36
Convert -25865 (base 13) to base 16.
-10fa6
Convert 50 (base 14) to base 12.
5a
What is 112041 (base 5) in base 13?
1aa4
What is -411 (base 10) in base 16?
-19b
What is -1045 (base 8) in base 11?
-45a
Convert -1424024 (base 5) to base 7.
-153066
1011101001 (base 2) to base 8
1351
Convert 2b4 (base 14) to base 3.
202101
Convert -1772 (base 13) to base 3.
-11202122
582 (base 14) to base 6
5022
7ac4 (base 13) to base 2
100001101001101
What is -2341 (base 6) in base 11?
-474
Convert -24a8 (base 11) to base 13.
-1641
Convert 2012 (base 6) to base 10.
440
367 (base 10) to base 8
557
f1c (base 16) to base 6
25524
363 (base 14) to base 6
3043
What is 383 (base 9) in base 14?
18a
Convert 37b (base 16) to base 2.
1101111011
Convert -5532 (base 7) to base 8.
-3677
Convert -7605 (base 10) to base 9.
-11380
What is -1d4c (base 14) in base 3?
-21100112
9d59 (base 15) to base 13
12270
What is -422450 (base 6) in base 16?
-85fe
-9c5 (base 16) to base 13
-11a5
What is -21 (base 6) in base 3?
-111
-75840 (base 9) to base 2
-1100010001010000
16403 (base 9) to base 5
330022
What is 853 (base 10) in base 5?
11403
Convert 13407 (base 8) to base 16.
1707
Convert -103033 (base 4) to base 10.
-1231
Convert -c0cc (base 15) to base 3.
-2001211010
Convert 229a (base 16) to base 10.
8858
-23044 (base 7) to base 14
-21cb
Convert 38659 (base 12) to base 14.
20097
What is -1021121002 (base 3) in base 7?
-133346
Convert -397 (base 13) to base 16.
-277
What is 1086 (base 9) in base 16?
327
What is -1c6db (base 14) in base 16?
-11c09
What is 30311 (base 4) in base 15?
39b
What is -2210 (base 4) in base 7?
-323
What is -1679 (base 10) in base 16?
-68f
What is -1012321 (base 5) in base 14?
-608a
What is -1884 (base 11) in base 14?
-c2b
What is 329 (base 11) in base 9?
477
What is -10112221 (base 4) in base 15?
-543d
-3390 (base 11) to base 2
-1000101100111
What is -52652 (base 7) in base 5?
-404042
What is 21112 (base 3) in base 13?
128
Convert -10025 (base 6) to base 11.
-a94
What is 741 (base 9) in base 3?
211101
What is -9598 (base 10) in base 11?
-7236
Convert 23401 (base 7) to base 14.
22a8
What is -152 (base 9) in base 16?
-80
Convert 5c31 (base 13) to base 6.
140233
-2405 (base 6) to base 8
-1105
What is -1032 (base 5) in base 8?
-216
Convert -100011111 (base 2) to base 3.
-101122
Convert 2653 (base 8) to base 4.
112223
Convert 230f (base 16) to base 10.
8975
What is 1212022 (base 3) in base 10?
1358
-2a (base 13) to base 5
-121
Convert -8288 (base 11) to base 16.
-2aea
Convert 10101010010 (base 2) to base 12.
956
What is 695 (base 15) in base 2?
10111010010
What is 24b8 (base 12) in base 15?
1382
What is -6c5c (base 14) in base 13?
-87a9
Convert 144002 (base 5) to base 10.
6127
Convert -9ea (base 16) to base 6.
-15430
Convert 192a (base 14) to base 7.
16153
What is 461 (base 10) in base 15?
20b
Convert -1382 (base 9) to base 13.
-626
What is -1120233 (base 4) in base 10?
-5679
What is 224 (base 8) in base 16?
94
Convert -2341 (base 10) to base 11.
-1839
Convert 1100100111010 (base 2) to base 16.
193a
4611 (base 8) to base 5
34231
Convert -457a (base 14) to base 3.
-121112211
Convert -41d (base 14) to base 3.
-1010001
-1001011100000 (base 2) to base 9
-6558
-22311 (base 4) to base 11
-580
1202100 (base 3) to base 11
a62
Convert -13232 (base 5) to base 4.
-100223
What is 2422 (base 7) in base 14?
482
Convert -328 (base 9) to base 7.
-533
What is -1150 (base 6) in base 3?
-101110
What is 29c (base 15) in base 16?
255
What is 24e3 (base 15) in base 14?
2c19
Convert 166 (base 10) to base 14.
bc
Convert -78 (base 9) to base 16.
-47
c19 (base 16) to base 7
12013
What is 68 (base 10) in base 2?
1000100
Convert 315 (base 15) to base 2.
1010110111
1410230 (base 5) to base 10
28815
829 (base 12) to base 14
609
Convert 1040 (base 5) to base 2.
10010001
-31047 (base 9) to base 7
-113431
Convert 486 (base 9) to base 16.
192
What is 20430 (base 7) in base 2?
1001110011011
Convert -3411 (base 11) to base 13.
-2074
What is 820b (base 13) in base 15?
54a0
Convert 6612 (base 7) to base 11.
1857
Convert -1b08 (base 12) to base 6.
-23212
What is -7dc (base 16) in base 9?
-2675
What is 9875 (base 11) in base 7?
52662
Convert -2124334 (base 5) to base 9.
-54613
What is 21706 (base 13) in base 11?
41508
-1100011011 (base 2) to base 13
-492
144104 (base 6) to base 7
55264
Convert 101303 (base 4) to base 3.
1120012
-507 (base 8) to base 9
-403
-1803 (base 12) to base 10
-2883
695 (base 14) to base 7
3545
-1101010001010 (base 2) to base 14
-2694
1023 (base 9) to base 15
350
What is f0 (base 16) in base 13?
156
Convert -952 (base 16) to base 2.
-100101010010
277 (base 9) to base 7
451
-449a0 (base 11) to base 5
-4040322
243 (base 12) to base 3
110120
What is 11 (base 11) in base 7?
15
Convert 4145 (base 11) to base 2.
1010101110110
13012 (base 4) to base 8
706
What is 4321 (base 6) in base 3?
1100111
What is 129 (base 14) in base 10?
233
What is 13022 (base 4) in base 11?
387
Convert 1431 (base 12) to base 8.
4445
Convert 3384 (base 10) to base 2.
110100111000
What is 13453 (base 7) in base 3?
12000201
What is -6bc1 (base 13) in base 6?
-154210
Convert -17120 (base 9) to base 8.
-26763
-101011 (base 3) to base 13
-181
What is -433 (base 6) in base 12?
-119
What is 15861 (base 9) in base 14?
3d93
Convert 204 (base 14) to base 11.
330
-923 (base 14) to base 7
-5143
-101100011 (base 2) to base 10
-355
Convert 10d4a (base 16) to base 7.
404662
Convert 1243 (base 10) to base 11.
a30
Convert 3b28 (base 12) to base 5.
204200
What is -1a6 (base 11) in base 16?
-ed
-2450 (base 16) to base 10
-9296
Convert 2fa (base 16) to base 12.
536
What is -1102000 (base 3) in base 15?
-486
-1001043 (base 5) to base 11
-1093a
What is 121335 (base 6) in base 3?
112200212
-112222 (base 4) to base 14
-758
-808 (base 16) to base 4
-200020
Convert 9b71 (base 12) to base 8.
41505
-2a3e (base 15) to base 2
-10001101100011
adb (base 14) to base 3
2221202
What is -4a6 (base 14) in base 11?
-776
66461 (base 8) to base 2
110110100110001
12459 (base 11) to base 9
26434
Convert -13325 (base 10) to base 12.
-7865
Convert -6378 (base 11) to base 15.
-2774
Convert 3040 (base 9) to base 6.
14143
Convert -5713 (base 8) to base 13.
-14b3
Convert -14be (base 15) to base 4.
-1011212
-12023212 (base 4) to base 5
-1302233
Convert 211 (base 11) to base 14.
142
10503 (base 6) to base 8
2707
What is -2eb (base 15) in base 6?
-3035
Convert -56512 (base 9) to base 15.
-b215
-216665 (base 7) to base 2
-1001011000001110
What is -8561 (base 15) in base 9?
-42631
Convert -132100 (base 4) to base 10.
-1936
Convert 1100 (base 11) to base 14.
75a
10305 (base 10) to base 12
5b69
Convert 13403 (base 5) to base 12.
77b
What is -521116 (base 7) in base 15?
-1b697
What is 2021210112 (base 3) in base 10?
45050
110111111 (base 3) to base 13
41bc
Convert -5bef (base 16) to base 2.
-101101111101111
64 (base 11) to base 3
2121
What is 40559 (base 12) in base 15?
19c23
Convert 580 (base 11) to base 4.
22311
What is 2808 (base 10) in base 7?
11121
What is 14144 (base 5) in base 14?
5dc
10113 (base 4) to base 14
15d
What is 56dc (base 15) in base 8?
44000
What is 33710 (base 9) in base 6?
251530
-10261 (base 7) to base 6
-15434
What is -31553 (base 7) in base 14?
-2bd3
Convert 11583 (base 13) to base 8.
75736
Convert 104 (base 9) to base 11.
78
113d (base 14) to base 9
4087
What is 11120122 (base 3) in base 16?
d0a
-2a6 (base 14) to base 12
-38a
What is -1168 (base 10) in base 4?
-102100
Convert -1719 (base 11) to base 4.
-202112
What is -45453 (base 7) in base 8?
-26441
What is -1201440 (base 5) in base 9?
-33307
6051 (base 8) to base 14
11c5
Convert 808 (base 15) to base 5.
24213
What is 1000110 (base 2) in base 5?
240
-c1 (base 13) to base 8
-235
What is 1222121 (base 3) in base 12?
a07
Convert 120032 (base 6) to base 7.
42200
-13442 (base 5) to base 2
-10001100010
What is 3133 (base 7) in base 13?
66a
What is b7 (base 13) in base